= -4*o. What is the highest common divisor of f and o?
14
Let b(x) = x**2 - 9*x + 35. Let k be b(6). Suppose -c + k = n, -3*n = -4*c - 2*n + 83. Calculate the highest common factor of 60 and c.
20
Suppose -2*m - 288 + 1240 = -700. What is the greatest common factor of m and 2242?
118
Suppose -72*s = -68*s - 9348. Calculate the greatest common divisor of s and 114.
57
Let i = -51975 - -108599. What is the greatest common factor of i and 16?
16
Let f(a) = -a**2 - 35. Let l be f(0). Let m = -50 + l. Let w = 119 + m. Calculate the greatest common divisor of w and 68.
34
Let a = 12489 - 12345. What is the highest common divisor of 2664 and a?
72
Suppose -128 + 33 = -5*d. Suppose -j + d = 3*n, j = -0*j - n + 21. Calculate the highest common divisor of j and 11.
11
Let g = 580 + -634. Let f be (207/46)/((-3)/g). Suppose -2*j + j = -9. What is the greatest common factor of f and j?
9
Suppose -5*z + 15 = 2*i + 3*i, 5*z + 1 = 3*i. Suppose i*j + 230 = 7*j. Suppose 12*v - j = 26. What is the greatest common divisor of v and 48?
6
Let b = 12789 - 5971. What is the greatest common divisor of b and 42?
14
Let o(q) = -q**3 - 11*q**2 - 7*q + 31. Let t be o(-6). Let v = -98 - t. What is the greatest common factor of v and 27?
9
Let p = 228 + 249. Suppose 3*n - p = g, -3*g - 157 = -n - 2*g. Suppose 0 = 30*v - 25*v - n. Calculate the greatest common factor of v and 48.
16
Let x be ((-4716)/(-27))/((-4)/(-6)). What is the greatest common factor of x and 16768?
262
Suppose 0 = -5*x - 84 + 609. Suppose -43*l + x = -67. What is the greatest common factor of 132 and l?
4
Suppose 2*k - 12 = -4. Let a = -887 - -892. Suppose a*s + k = 39. Calculate the highest common divisor of 49 and s.
7
Let a(b) = -b**2 - 4*b + 85. Let d be a(-8). What is the highest common factor of d and 4187?
53
Suppose 49582 = 21*f + 15*f - 6866. Calculate the greatest common divisor of 3332 and f.
196
Let j(a) = -15*a**3 - 173*a**2 + 17*a - 62. Let y be j(-12). Let l(k) = k**3 - 5*k**2 + 2*k + 4. Let v be l(5). Calculate the highest common divisor of y and v.
14
Suppose 0 = -229*j + 228*j + 10. Suppose j*m - 25 = 5. Calculate the greatest common factor of 9 and m.
3
Suppose 3*p = 9*p + 48. Let k be (p/16)/(-1 - (-1)/2). Suppose 3 = x, i - 5*x = k + 2. What is the highest common divisor of 90 and i?
18
Let m(x) = 2*x**2 - 14*x + 25. Let y be m(7). Let v be y/(-20) - (-4)/16 - -226. Calculate the greatest common divisor of v and 15.
15
Suppose -3000*r + 611 = -2987*r. Calculate the highest common factor of r and 235.
47
Suppose 2*m = 2*q + 2*q + 116, 2*q - 42 = -m. Calculate the greatest common factor of m and 2160.
10
Let s = 24 + -8. Suppose 1634*g - 13443 = -5879 + 8776. What is the highest common divisor of s and g?
2
Let z be (-404)/303 + 440/6. What is the greatest common divisor of z and 3276?
36
Suppose 0 = -97*r + 95*r + 8, 5*r = 6*q - 26500. Calculate the highest common divisor of 100 and q.
20
Let u = -7 + 17. Let z be 22/88 - 9190/(-40). What is the greatest common factor of u and z?
10
Let m = -1234 - -3273. Let i = m + -2023. Let s(z) = -304*z**3 - z**2 + 1. Let d be s(-1). Calculate the greatest common divisor of i and d.
16
Suppose 2*l = 5*t + 212, 4*l + 4*t - 424 = -0*t. Suppose 5*v = 41 - l. Let i = v - -31. Calculate the highest common divisor of 45 and i.
9
Suppose 16*b - 12*b + 5*p = 630, p = 2. Suppose -140 = b*v - 162*v. What is the highest common factor of 320 and v?
20
Let h = 8 + 13809. Calculate the highest common divisor of 82 and h.
41
Suppose 0 = -6*q - 0*q + 24. Let t be q/(-18) - (-20)/9. Suppose 149 = t*m - a, m - 3*a = 28 + 34. What is the greatest common divisor of m and 7?
7
Let d be -1 + 23 - (1 - -1). Suppose -1052*r = -824*r - 86640. Calculate the highest common divisor of d and r.
20
Suppose -3*c = -4*y - 2*c + 24822, -3*y = -2*c - 18619. What is the highest common factor of y and 17?
17
Let g(c) = 145*c**2 - 244*c + 727. Let k be g(3). Calculate the greatest common factor of k and 338.
26
Let o(q) = -2*q + 13. Let r be o(0). Let f be -3*(-4)/36 + (-31824)/(-351). What is the highest common divisor of f and r?
13
Let s be 5102/17 + 52/(-442). Suppose s = -34*j + 40*j. Calculate the highest common divisor of j and 125.
25
Let d(g) = 11*g + 0*g + 2*g**2 - 2 + 6*g + 12. Let h be d(-8). Suppose -h*m - 5*s = -27, m + 0*s = -2*s + 13. Calculate the greatest common divisor of 77 and m.
11
Let u(j) = 18*j**2 - 9*j + 2. Let s = 57 + -59. Let d be u(s). Let w = -60 + d. Calculate the greatest common factor of w and 96.
32
Let v = 45 + 312. Let d be (157/(-2) - -2)*(-29824)/33552. What is the highest common divisor of d and v?
17
Suppose 1358 = -4*p - 3*p. Let c = 103 - p. Suppose -b + 27 = 6*i - 5*i, -2*b + 2*i = -54. What is the greatest common divisor of b and c?
27
Let n = -89 - -128. Let x(l) = 3*l**3 - 10*l**2 + l - 26. Let g be x(5). Calculate the highest common factor of g and n.
13
Let h = 22 + -10. Let u be (-4)/18 - 274/(-18). Suppose o + u*o = 96. What is the highest common divisor of o and h?
6
Let k(h) = -78*h - 3647. Let c be k(-47). What is the highest common divisor of c and 6517?
19
Let q be (-1008)/(-3) - (-54)/(-9). Calculate the greatest common factor of 3410 and q.
110
Let i = -1293 + 1331. Let q be (399/12)/((-2)/(-16)). Calculate the highest common divisor of q and i.
38
Suppose 5*l = 2*x + 5930 + 692, -4*x = 3*l - 3994. Calculate the greatest common factor of 68 and l.
34
Let o be (-464)/(-7) + (-4)/14. Let c(v) = -v**3 - 10*v**2 - 23*v + 10. Let z = 142 - 146. Let x be c(z). What is the highest common factor of x and o?
6
Let w be (-46492)/(-124) - ((-40)/155)/4. Let i = 491 - 341. Calculate the highest common factor of w and i.
75
Suppose u - 11786 = -15*h + 12*h, -19634 = -5*h - 4*u. Calculate the greatest common divisor of 10 and h.
10
Let f(z) = -316*z**3 - 33*z + 29*z**2 + 640*z**3 - 323*z**3 - 54. Let b be f(-30). Calculate the greatest common factor of 240 and b.
12
Let m(i) = -63*i + 5578. Let y be m(88). Calculate the highest common factor of 1377 and y.
17
Let y = -33 - -33. Suppose 9 = 3*c - y. Suppose -4*g = -c - 5. Calculate the highest common divisor of g and 14.
2
Suppose -11*f + 317 = 31. Suppose 0 = -18*j + 46 + f. Calculate the highest common factor of 16 and j.
4
Let s(l) = -92*l**3 - 6*l**2 + 41*l + 45. Let q be s(-1). Calculate the greatest common factor of 4734 and q.
18
Let c(y) = -y**3 + 6*y**2 + 17*y - 20. Let p be ((-1)/2 - -1)*(12 + 2). Let d be c(p). What is the greatest common factor of 250 and d?
50
Let r(t) = -t**3 - 4*t**2 - 8*t - 7. Let a be r(-5). Let s = -22 + 24. Suppose -s*g = -g - 29. What is the highest common divisor of a and g?
29
Let p(z) = -11*z + 154. Let l be p(13). Suppose l*r - 109 = 111. What is the greatest common factor of r and 640?
20
Let w(c) = -3*c + 13. Let o be w(0). Let t = 106 + 6. Let b = t + -73. Calculate the greatest common factor of o and b.
13
Let i = 2532 - 2427. What is the greatest common divisor of i and 133?
7
Suppose 0 = 120*o - 5083 + 4963. Calculate the highest common factor of 85 and o.
1
Suppose 534*m + 9445 = k + 536*m, -4*k = 3*m - 37785. What is the highest common factor of 201 and k?
201
Suppose -7*l + l = 366. Let f = l - -64. Let j be (1/(-3))/((-1)/f). Calculate the highest common divisor of j and 1.
1
Suppose -3*f = -f + 5*c - 57, -5*f + 2*c = -70. Suppose f*s + 0*s = 3520. Calculate the greatest common factor of s and 20.
20
Suppose 0*n - 108 = -4*n. Let c = n + -9. Let l be (0 - -7)/(1/18). Calculate the greatest common divisor of c and l.
18
Let w(d) = 2*d**3 + d**2 + d - 2. Let s = -41 - -42. Let p be w(s). Suppose -3 = 5*v - 4*r, p*v - 1 = -4*r + 9. What is the greatest common divisor of 5 and v?
1
Suppose -2*z - 6 = -2*l - 0*l, -1 = -2*l - 3*z. Suppose 0 = l*y + o + 45, 5*y - 4*o = -3*o - 95. Let a = y + 92. What is the highest common divisor of a and 96?
24
Let t be 1 + (-9)/((-27)/(-168)). Let c = 82 + t. Suppose -5*h = y - 84 + c, h - 21 = 3*y. What is the greatest common divisor of 8 and h?
4
Suppose -n + 78 = 2*n. Let q(z) = z**2 - 4485. Let m be q(67). Calculate the highest common divisor of n and m.
2
Let r(p) = 142*p - 4325. Let g be r(31). Calculate the highest common divisor of g and 528.
11
Suppose 7 = -0*g + g. Suppose g*m - m = 24. Suppose 